8827?
8
What is the units digit of 4375?
5
What is the thousands digit of 92204?
2
What is the units digit of 1758?
8
What is the ten thousands digit of 15651?
1
What is the tens digit of 31750?
5
What is the units digit of 25791?
1
What is the tens digit of 1733?
3
What is the hundreds digit of 1246?
2
What is the units digit of 5147?
7
What is the tens digit of 9510?
1
What is the thousands digit of 56553?
6
What is the units digit of 38668?
8
What is the units digit of 16249?
9
What is the tens digit of 7269?
6
What is the tens digit of 2052?
5
What is the thousands digit of 3650?
3
What is the units digit of 5140?
0
What is the units digit of 1199?
9
What is the hundreds digit of 2830?
8
What is the hundreds digit of 40684?
6
What is the tens digit of 4979?
7
What is the thousands digit of 15605?
5
What is the units digit of 10559?
9
What is the ten thousands digit of 10016?
1
What is the tens digit of 2144?
4
What is the ten thousands digit of 53884?
5
What is the thousands digit of 1681?
1
What is the thousands digit of 2081?
2
What is the units digit of 2216?
6
What is the units digit of 1890?
0
What is the units digit of 10720?
0
What is the hundreds digit of 11028?
0
What is the hundreds digit of 2782?
7
What is the thousands digit of 25334?
5
What is the units digit of 30640?
0
What is the hundreds digit of 6771?
7
What is the tens digit of 4230?
3
What is the units digit of 751?
1
What is the thousands digit of 3630?
3
What is the units digit of 37338?
8
What is the hundreds digit of 4226?
2
What is the hundreds digit of 1510?
5
What is the tens digit of 786?
8
What is the ten thousands digit of 23183?
2
What is the units digit of 19168?
8
What is the ten thousands digit of 36593?
3
What is the tens digit of 33479?
7
What is the thousands digit of 56753?
6
What is the tens digit of 61524?
2
What is the thousands digit of 1214?
1
What is the tens digit of 8149?
4
What is the ten thousands digit of 40728?
4
What is the tens digit of 54194?
9
What is the thousands digit of 109062?
9
What is the units digit of 6256?
6
What is the hundreds digit of 2480?
4
What is the ten thousands digit of 54086?
5
What is the tens digit of 2547?
4
What is the ten thousands digit of 27602?
2
What is the units digit of 87?
7
What is the hundreds digit of 115532?
5
What is the ten thousands digit of 41541?
4
What is the tens digit of 1228?
2
What is the units digit of 46201?
1
What is the units digit of 33121?
1
What is the units digit of 1286?
6
What is the units digit of 16773?
3
What is the hundreds digit of 5866?
8
What is the hundreds digit of 203?
2
What is the tens digit of 893?
9
What is the hundreds digit of 35607?
6
What is the tens digit of 409?
0
What is the thousands digit of 20954?
0
What is the thousands digit of 2078?
2
What is the hundreds digit of 16250?
2
What is the tens digit of 17213?
1
What is the thousands digit of 119068?
9
What is the units digit of 2491?
1
What is the units digit of 2392?
2
What is the hundreds digit of 930?
9
What is the hundreds digit of 662?
6
What is the hundreds digit of 5422?
4
What is the hundreds digit of 784?
7
What is the tens digit of 5667?
6
What is the units digit of 10292?
2
What is the units digit of 2150?
0
What is the units digit of 47455?
5
What is the tens digit of 68397?
9
What is the thousands digit of 9824?
9
What is the tens digit of 3873?
7
What is the tens digit of 107?
0
What is the units digit of 1829?
9
What is the hundreds digit of 46959?
9
What is the tens digit of 33538?
3
What is the units digit of 32820?
0
What is the thousands digit of 1669?
1
What is the tens digit of 22561?
6
What is the tens digit of 6083?
8
What is the ten thousands digit of 18448?
1
What is the tens digit of 31660?
6
What is the tens digit of 6833?
3
What is the tens digit of 963?
6
What is the units digit of 20196?
6
What is the units digit of 123?
3
What is the thousands digit of 2950?
2
What is the units digit of 3371?
1
What is the thousands digit of 2277?
2
What is the tens digit of 8507?
0
What is the tens digit of 499?
9
What is the thousands digit of 15247?
5
What is the hundreds digit of 1417?
4
What is the thousands digit of 9783?
9
What is the tens digit of 38896?
9
What is the ten thousands digit of 22556?
2
What is the units digit of 19720?
0
What is the tens digit of 3482?
8
What is the units digit of 640?
0
What is the units digit of 74688?
8
What is the units digit of 54236?
6
What is the units digit of 55553?
3
What is the units digit of 9001?
1
What is the hundreds digit of 1518?
5
What is the hundreds digit of 1476?
4
What is the tens digit of 55677?
7
What is the thousands digit of 1209?
1
What is the thousands digit of 1095?
1
What is the tens digit of 16457?
5
What is the ten thousands digit of 15058?
1
What is the thousands digit of 3816?
3
What is the hundreds digit of 604?
6
What is the tens digit of 65172?
7
What is the hundreds digit of 12254?
2
What is the units digit of 2571?
1
What is the tens digit of 54635?
3
What is the units digit of 50829?
9
What is the tens digit of 14530?
3
What is the thousands digit of 36897?
6
What is the hundred thousands digit of 116401?
1
What is the hundreds digit of 5200?
2
What is the units digit of 1274?
4
What is the units digit of 3910?
0
What is the ten thousands digit of 128701?
2
What is the ten thousands digit of 15136?
1
What is the thousands digit of 1922?
1
What is the hundreds digit of 26526?
5
What is the thousands digit of 10971?
0
What is the hundreds digit of 4860?
8
What is the units digit of 579?
9
What is the hundreds digit of 1312?
3
What is the hundreds digit of 2014?
0
What is the thousands digit of 3524?
3
What is the tens digit of 714?
1
What is the tens digit of 2461?
6
What is the tens digit of 5112?
1
What is the units digit of 2708?
8
What is the tens digit of 1670?
7
What is the tens digit of 69299?
9
What is the units digit of 15467?
7
What is the units digit of 1317?
7
What is the hundreds digit of 61216?
2
What is the units digit of 1?
1
What is the hundreds digit of 705?
7
What is the thousands digit of 15733?
5
What is the ten thousands digit of 119234?
1
What is the tens digit of 277?
7
What is the tens digit of 6770?
7
What is the tens digit of 6157?
5
What is the units digit of 19651?
1
What is the hundreds digit of 1595?
5
What is the units digit of 987?
7
What is the tens digit of 6433?
3
What is the units digit of 195?
5
What is the units digit of 7785?
5
What is the units digit of 78947?
7
What is the thousands digit of 68499?
8
What is the thousands digit of 7581?
7
What is the ten thousands digit of 15794?
1
What is the tens digit of 8129?
2
What is the units digit of 113151?
1
What is the units digit of 50?
0
What is the units digit of 1168?
8
What is the units digit of 7099?
9
What is the hundreds digit of 11341?
3
What is the tens digit of 1146?
4
What is the ten thousands digit of 19425?
1
What is the tens digit of 126721?
2
What is the hundreds digit of 9050?
0
What is the tens digit of 1050?
5
What is the units digit of 5041?
1
What is the tens digit of 36927?
2
What is the hundreds digit of 3160?
1
What is the hundreds digit of 1192?
1
What is the tens digit of 5381?
8
What is the units digit of 35717?
7
What is the units digit of 40797?
7
What is the hundreds digit of 39623?
6
What is the ten thousands digit of 28364?
2
What is the units digit of 4278?
8
What is the tens digit of 938?
3
What is the thousands digit of 3663?
3
What is the tens digit of 514?
1
What is the hundreds digit of 8895?
8
What is the hundreds digit of 139285?
2
What is the tens digit of 84674?
7
What is the units digit of 2499?
9
What is the units digit of 22044?
4
What is the units digit of 5573?
3
What is the units digit of 3461?
1
What is the hundreds digit of 41957?
9
What is the tens digit of 10035?
3
What is the tens digit of 6526?
2
What is the hundreds digit of 18101?
1
What is the thousands digit of 113054?
3
What is the hundreds digit of 46924?
9
What is the tens digit of 853?
5
What is the ten thousands digit of 45722?
4
What is the tens digit of 76?
7
What is the units digit of 1265?
5
What is the tens digit of 16849?
4
What is the units digit of 1730?
0
What is the tens digit of 16905?
0
What is the thousa